[INFO] cloning repository https://github.com/ExcaliburZero/quickbms-lsp
[INFO] running `Command { std: "git" "-c" "credential.helper=" "-c" "credential.helper=/workspace/cargo-home/bin/git-credential-null" "clone" "--bare" "https://github.com/ExcaliburZero/quickbms-lsp" "/workspace/cache/git-repos/https%3A%2F%2Fgithub.com%2FExcaliburZero%2Fquickbms-lsp", kill_on_drop: false }`
[INFO] [stderr] Cloning into bare repository '/workspace/cache/git-repos/https%3A%2F%2Fgithub.com%2FExcaliburZero%2Fquickbms-lsp'...
[INFO] running `Command { std: "git" "rev-parse" "HEAD", kill_on_drop: false }`
[INFO] [stdout] ce8f7c9dfb46caa786f7e333ac458550479b53a9
[INFO] building ExcaliburZero/quickbms-lsp against master#881c1ac408d93bb7adaa3a51dabab9266e82eee8 for issue-85264
[INFO] running `Command { std: "git" "clone" "/workspace/cache/git-repos/https%3A%2F%2Fgithub.com%2FExcaliburZero%2Fquickbms-lsp" "/workspace/builds/worker-2/source", kill_on_drop: false }`
[INFO] [stderr] Cloning into '/workspace/builds/worker-2/source'...
[INFO] [stderr] done.
[INFO] validating manifest of git repo https://github.com/ExcaliburZero/quickbms-lsp on toolchain 881c1ac408d93bb7adaa3a51dabab9266e82eee8
[INFO] running `Command { std: "/workspace/cargo-home/bin/cargo" "+881c1ac408d93bb7adaa3a51dabab9266e82eee8" "metadata" "--manifest-path" "Cargo.toml" "--no-deps", kill_on_drop: false }`
[INFO] started tweaking git repo https://github.com/ExcaliburZero/quickbms-lsp
[INFO] finished tweaking git repo https://github.com/ExcaliburZero/quickbms-lsp
[INFO] tweaked toml for git repo https://github.com/ExcaliburZero/quickbms-lsp written to /workspace/builds/worker-2/source/Cargo.toml
[INFO] crate git repo https://github.com/ExcaliburZero/quickbms-lsp already has a lockfile, it will not be regenerated
[INFO] running `Command { std: "/workspace/cargo-home/bin/cargo" "+881c1ac408d93bb7adaa3a51dabab9266e82eee8" "fetch" "--manifest-path" "Cargo.toml", kill_on_drop: false }`
[INFO] [stderr]  Downloading crates ...
[INFO] [stderr]   Downloaded jsonrpc-core v17.0.0
[INFO] [stderr]   Downloaded lsp-types v0.89.0
[INFO] [stderr]   Downloaded tree-sitter v0.19.3
[INFO] running `Command { std: "docker" "create" "-v" "/var/lib/crater-agent-workspace/builds/worker-2/target:/opt/rustwide/target:rw,Z" "-v" "/var/lib/crater-agent-workspace/builds/worker-2/source:/opt/rustwide/workdir:ro,Z" "-v" "/var/lib/crater-agent-workspace/cargo-home:/opt/rustwide/cargo-home:ro,Z" "-v" "/var/lib/crater-agent-workspace/rustup-home:/opt/rustwide/rustup-home:ro,Z" "-e" "SOURCE_DIR=/opt/rustwide/workdir" "-e" "CARGO_TARGET_DIR=/opt/rustwide/target" "-e" "CARGO_HOME=/opt/rustwide/cargo-home" "-e" "RUSTUP_HOME=/opt/rustwide/rustup-home" "-w" "/opt/rustwide/workdir" "-m" "1610612736" "--user" "0:0" "--network" "none" "ghcr.io/rust-lang/crates-build-env/linux@sha256:20528e8c29e4536546f0102ce88568b16ea7538393a33fcca951030f7af10457" "/opt/rustwide/cargo-home/bin/cargo" "+881c1ac408d93bb7adaa3a51dabab9266e82eee8" "metadata" "--no-deps" "--format-version=1", kill_on_drop: false }`
[INFO] [stdout] f00ae9d8ba4a7bd613793ceb5a3345b4213fad0ff3d302a313bff3a1e31f2877
[INFO] [stderr] WARNING: Your kernel does not support swap limit capabilities or the cgroup is not mounted. Memory limited without swap.
[INFO] running `Command { std: "docker" "start" "-a" "f00ae9d8ba4a7bd613793ceb5a3345b4213fad0ff3d302a313bff3a1e31f2877", kill_on_drop: false }`
[INFO] running `Command { std: "docker" "inspect" "f00ae9d8ba4a7bd613793ceb5a3345b4213fad0ff3d302a313bff3a1e31f2877", kill_on_drop: false }`
[INFO] running `Command { std: "docker" "rm" "-f" "f00ae9d8ba4a7bd613793ceb5a3345b4213fad0ff3d302a313bff3a1e31f2877", kill_on_drop: false }`
[INFO] [stdout] f00ae9d8ba4a7bd613793ceb5a3345b4213fad0ff3d302a313bff3a1e31f2877
[INFO] running `Command { std: "docker" "create" "-v" "/var/lib/crater-agent-workspace/builds/worker-2/target:/opt/rustwide/target:rw,Z" "-v" "/var/lib/crater-agent-workspace/builds/worker-2/source:/opt/rustwide/workdir:ro,Z" "-v" "/var/lib/crater-agent-workspace/cargo-home:/opt/rustwide/cargo-home:ro,Z" "-v" "/var/lib/crater-agent-workspace/rustup-home:/opt/rustwide/rustup-home:ro,Z" "-e" "SOURCE_DIR=/opt/rustwide/workdir" "-e" "CARGO_TARGET_DIR=/opt/rustwide/target" "-e" "CARGO_INCREMENTAL=0" "-e" "RUST_BACKTRACE=full" "-e" "RUSTFLAGS=--cap-lints=forbid" "-e" "CARGO_HOME=/opt/rustwide/cargo-home" "-e" "RUSTUP_HOME=/opt/rustwide/rustup-home" "-w" "/opt/rustwide/workdir" "-m" "1610612736" "--user" "0:0" "--network" "none" "ghcr.io/rust-lang/crates-build-env/linux@sha256:20528e8c29e4536546f0102ce88568b16ea7538393a33fcca951030f7af10457" "/opt/rustwide/cargo-home/bin/cargo" "+881c1ac408d93bb7adaa3a51dabab9266e82eee8" "build" "--frozen" "--message-format=json", kill_on_drop: false }`
[INFO] [stdout] cc0ecef51e22d74cc55f109c1bb3508f5d45a54ba303428fcbd7438473f2b6a9
[INFO] [stderr] WARNING: Your kernel does not support swap limit capabilities or the cgroup is not mounted. Memory limited without swap.
[INFO] running `Command { std: "docker" "start" "-a" "cc0ecef51e22d74cc55f109c1bb3508f5d45a54ba303428fcbd7438473f2b6a9", kill_on_drop: false }`
[INFO] [stderr]    Compiling proc-macro2 v1.0.26
[INFO] [stderr]    Compiling syn v1.0.71
[INFO] [stderr]    Compiling serde_derive v1.0.125
[INFO] [stderr]    Compiling serde v1.0.125
[INFO] [stderr]    Compiling cc v1.0.67
[INFO] [stderr]    Compiling serde_json v1.0.64
[INFO] [stderr]    Compiling percent-encoding v2.1.0
[INFO] [stderr]    Compiling tinyvec v1.2.0
[INFO] [stderr]    Compiling unicode-bidi v0.3.5
[INFO] [stderr]    Compiling form_urlencoded v1.0.1
[INFO] [stderr]    Compiling quote v1.0.9
[INFO] [stderr]    Compiling unicode-normalization v0.1.17
[INFO] [stderr]    Compiling tree-sitter v0.19.3
[INFO] [stderr]    Compiling quickbms-lsp v0.1.1 (/opt/rustwide/workdir)
[INFO] [stderr] The following warnings were emitted during compilation:
[INFO] [stderr] 
[INFO] [stderr] warning: cc: error: tree-sitter-quickbms/src/parser.c: No such file or directory
[INFO] [stderr] warning: cc: fatal error: no input files
[INFO] [stderr] warning: compilation terminated.
[INFO] [stderr] 
[INFO] [stderr] error: failed to run custom build command for `quickbms-lsp v0.1.1 (/opt/rustwide/workdir)`
[INFO] [stderr] 
[INFO] [stderr] Caused by:
[INFO] [stderr]   process didn't exit successfully: `/opt/rustwide/target/debug/build/quickbms-lsp-aeaf17450bc958ee/build-script-build` (exit status: 1)
[INFO] [stderr]   --- stdout
[INFO] [stderr]   TARGET = Some("x86_64-unknown-linux-gnu")
[INFO] [stderr]   OPT_LEVEL = Some("0")
[INFO] [stderr]   HOST = Some("x86_64-unknown-linux-gnu")
[INFO] [stderr]   CC_x86_64-unknown-linux-gnu = None
[INFO] [stderr]   CC_x86_64_unknown_linux_gnu = None
[INFO] [stderr]   HOST_CC = None
[INFO] [stderr]   CC = None
[INFO] [stderr]   CFLAGS_x86_64-unknown-linux-gnu = None
[INFO] [stderr]   CFLAGS_x86_64_unknown_linux_gnu = None
[INFO] [stderr]   HOST_CFLAGS = None
[INFO] [stderr]   CFLAGS = None
[INFO] [stderr]   CRATE_CC_NO_DEFAULTS = None
[INFO] [stderr]   DEBUG = Some("true")
[INFO] [stderr]   CARGO_CFG_TARGET_FEATURE = Some("fxsr,sse,sse2")
[INFO] [stderr]   running: "cc" "-O0" "-ffunction-sections" "-fdata-sections" "-fPIC" "-g" "-fno-omit-frame-pointer" "-m64" "-I" "tree-sitter-quickbms/src" "-Wall" "-Wextra" "-o" "/opt/rustwide/target/debug/build/quickbms-lsp-b8d6a0ac91d48696/out/tree-sitter-quickbms/src/parser.o" "-c" "tree-sitter-quickbms/src/parser.c"
[INFO] [stderr]   cargo:warning=cc: error: tree-sitter-quickbms/src/parser.c: No such file or directory
[INFO] [stderr]   cargo:warning=cc: fatal error: no input files
[INFO] [stderr]   cargo:warning=compilation terminated.
[INFO] [stderr]   exit status: 1
[INFO] [stderr] 
[INFO] [stderr]   --- stderr
[INFO] [stderr] 
[INFO] [stderr] 
[INFO] [stderr]   error occurred: Command "cc" "-O0" "-ffunction-sections" "-fdata-sections" "-fPIC" "-g" "-fno-omit-frame-pointer" "-m64" "-I" "tree-sitter-quickbms/src" "-Wall" "-Wextra" "-o" "/opt/rustwide/target/debug/build/quickbms-lsp-b8d6a0ac91d48696/out/tree-sitter-quickbms/src/parser.o" "-c" "tree-sitter-quickbms/src/parser.c" with args "cc" did not execute successfully (status code exit status: 1).
[INFO] [stderr] 
[INFO] [stderr] 
[INFO] [stderr] warning: build failed, waiting for other jobs to finish...
[INFO] [stderr] error: build failed
[INFO] running `Command { std: "docker" "inspect" "cc0ecef51e22d74cc55f109c1bb3508f5d45a54ba303428fcbd7438473f2b6a9", kill_on_drop: false }`
[INFO] running `Command { std: "docker" "rm" "-f" "cc0ecef51e22d74cc55f109c1bb3508f5d45a54ba303428fcbd7438473f2b6a9", kill_on_drop: false }`
[INFO] [stdout] cc0ecef51e22d74cc55f109c1bb3508f5d45a54ba303428fcbd7438473f2b6a9
